ive of -t**4/8 + t**3/6 + 6*t**2 - 16*t. Let s(u) be the first derivative of a(u). Determine s(-1).
4
Let j(b) be the first derivative of 3*b**2/2 - 2*b + 3. Suppose -1 = -k - d, -5*k - 2*d = 4 + 6. Give j(k).
-14
Suppose 0 = -0*l - 3*l + 6. Suppose -u + 9 = -4*k, -2*u = u - k - 5. Let f(j) = -3*j + j**3 + u + 3 + 2*j - 3. Calculate f(l).
7
Let g(j) = -45*j**2 + 6*j**3 + 5 + 47*j**2 - 2 - 5*j**3 + 4*j. Determine g(-2).
-5
Let b(i) = -22*i**2 - 1. Let d be (-8)/12 + 24/9. Suppose -d*j = -3*m - 4, -2*j - 4*m - 16 + 6 = 0. Calculate b(j).
-23
Let c(i) be the second derivative of 1/6*i**3 - 1/2*i**2 - 1/12*i**4 - 28*i + 0. Give c(3).
-7
Let z(a) = 8*a + 1. Let j(w) = 85*w. Let h(k) = j(k) - 10*z(k). Calculate h(8).
30
Let h = 17 + -13. Suppose -5*b + 4*b - 5*l + 8 = 0, h*b + 12 = 2*l. Let n(w) = 10*w + 1. Determine n(b).
-19
Suppose -3*g + 3*c = 8*c - 10, -g + 3*c + 8 = 0. Let k(w) = -g*w + 0*w + w + 3*w + 4. Let n be 2/((3 + -4)/(-2)). What is k(n)?
0
Let l(m) = -22*m**2 + 223*m - 25. Let s be l(10). Let q(g) = 6*g**2 - 31*g + 4. What is q(s)?
-1
Let r = 31 - 27. Suppose -26 = r*j + 10. Let q be 42/j + (-20)/15. Let f(u) = u**2 + 4*u + 3. What is f(q)?
15
Let m(d) = -d**3 + 22*d**2 - 42*d + 38. Let b be m(20). Let l(w) = -11*w - 3. Give l(b).
19
Suppose 36 = 538*n - 526*n. Let d(m) be the second derivative of 4/3*m**n + 5/2*m**2 + 1/12*m**4 + 0 - m. Calculate d(-7).
-2
Let l(r) = 17*r + 3. Let t(y) = -38*y - 6. Let f(k) = 9*l(k) + 4*t(k). Determine f(3).
6
Let o(i) = 2*i + 16. Let r(q) = 3*q + 20. Let t(y) = 6*o(y) - 5*r(y). What is t(-1)?
-1
Let o(w) = w - 3. Let t = 66 + -59. Suppose -t*b = -11 - 10. Calculate o(b).
0
Let o(k) = -k**2 + 7*k - 6. Suppose -28 = -22*d + 82. Calculate o(d).
4
Let p be 10 - 0*(-3)/6. Let d(i) = 0 - 2*i + 0*i - p. Determine d(-7).
4
Let c(w) be the third derivative of w**6/120 - w**5/15 - w**4/24 - 8*w**3/3 + 103*w**2. What is c(0)?
-16
Let f = -8 + 11. Let q(w) = 7*w + 6. Let g be q(f). Let n(z) = -2 + 2*z**2 + 3 - g*z + 21*z. Calculate n(4).
9
Let k(l) = -l**2 - 7*l + 1. Let d(f) = -46*f - 54. Let y be d(-1). Calculate k(y).
-7
Let g = -5 + 9. Let c(t) = 5*t**2 + 8*t - 1 + 1 - t**3 - 12*t + 5. What is c(g)?
5
Let h(z) = -4*z**2 + z + 29. Let a be h(-3). Let m(f) = 2*f**2 + 19*f - 11. What is m(a)?
-1
Let o(u) = -7*u**3 - u**2 - u. Let s be 11/(44/24) - 4. Let n(p) = 3*p**2 - 2. Let m be n(s). Suppose -m*w = -6*w + 4. What is o(w)?
7
Let z(q) be the third derivative of q**4/8 + 7*q**3/6 + q**2. Let w(m) = 6*m**2 - 13*m + 6. Let u be w(3). Let o = -26 + u. Determine z(o).
-8
Let m(a) = -54*a - 5. Let g be m(-2). Let h = -96 + g. Let f(j) = 2*j + 2. Give f(h).
16
Let q(n) = -n**3 + 6*n**2 + 5*n - 4. Let h be q(7). Let k = 22 + h. Suppose -4 = k*x + 20. Let o(c) = -c**2 - 6*c + 3. Give o(x).
3
Let l be 16/24 + (-10)/(-3). Suppose l*t = -t. Let d(q) be the third derivative of q**4/24 - q**3/3 - 25*q**2. Calculate d(t).
-2
Let z(v) = 11 + 0*v**2 + v**2 + 124*v - 111*v. What is z(-12)?
-1
Let o(n) = 2*n**3 - n**2 + 1. Let y(a) = -a**2 - a - 1. Suppose -5*r - 2 - 18 = -5*f, -4*f = -r - 1. Let v be y(f). Give o(v).
-2
Let v(s) = s**2 - s - 2. Let c be v(4). Suppose -5*r = -5*a - 15, c = r + r. Let p(o) = 3*o**2 - 2. What is p(a)?
10
Let p(i) be the third derivative of i**6/120 + i**5/60 + 5*i**3/2 + 531*i**2 - 2. Give p(0).
15
Let q be 38/4 + -2 - 6/12. Suppose -q*g = -11*g - 12. Let h(x) = 5*x. Calculate h(g).
-15
Let u(c) = -c**3 - 2*c**2 + c + 2. Let w be u(-3). Let y = -8 + w. Suppose 0 = -4*n - y*n + 16. Let i(k) = -k**3 + 3*k**2 + 4*k + 1. Give i(n).
1
Suppose -2*l - 2 = 4*z, -4*l + 2*z + 16 = -0. Suppose 7 = l*b - 2. Let m be -3 - (-3)/b*-1. Let k(a) = a**2 + a - 5. Determine k(m).
7
Let u(s) = -s**2 - 2 - 17*s + 4 + 1 + 12*s. Suppose 4*m + 290 - 2 = 0. Let w be 444/m + 1/6. Determine u(w).
-3
Let t(o) = -20*o. Let c(g) = g**3 - 16*g**2 + 12*g + 44. Let j be c(15). Determine t(j).
20
Let g(r) = -11*r**2 + 17*r - 7. Let f be g(1). Let y(l) = -4*l**3 + 2*l**2 - 2. Calculate y(f).
4
Let y(u) = -u**2 + 4*u - 1. Let c = -34 + 12. Suppose 4*k - 5*a + 94 = -2*a, -2*a = -5*k - 121. Let n = c - k. Calculate y(n).
2
Suppose 0 = -4*r - 5*t - 87 - 1, -88 = 4*r + t. Let x be (-6)/(-1 + 5/3). Let g be x/(-36) + r/(-8). Let w(l) = -l**2 + 3*l + 2. Determine w(g).
2
Let d(p) = 4*p. Let g(h) = -h**3 + h**2 + 14*h - 4. Let r be g(4). Give d(r).
16
Let m(k) = -k**3 - k**2 - k - 1. Suppose -5*i + 1 - 77 = 4*o, -5*i = -2*o - 68. Let t = o - -24. Give m(t).
-1
Suppose 5*c - 9 = -3*f, -3*f - 154 = 2*c - 172. Let k(s) = s**3 - 9*s**2 + s + 5. Calculate k(f).
-51
Let f(s) = -s**3 - 6*s**2 - s + 4. Let b be 8 + -3 + 18 + -27. Give f(b).
-24
Let o(b) = 2*b - 6. Let n = -273 + 277. What is o(n)?
2
Let g(u) = 6*u**3 - 6*u**2 - 5*u + 34. Let d(k) = k**3 + k + 5. Let w(x) = -5*d(x) + g(x). Calculate w(7).
-12
Let h(m) = -m**2. Let q(s) = 2*s**2 - 1. Let g(v) = -4*h(v) - q(v). Let z be (-120)/16*6*4/3. Let u be (6/(-4))/(3 - z/(-16)). What is g(u)?
9
Let w be (-22)/11*54/(-4). Let v = 22 - w. Let u(d) = -3*d - 15. Let y(m) = -m - 5. Let b(f) = -4*u(f) + 11*y(f). Give b(v).
0
Let t(w) = 3*w + 3. Suppose -g = -4*k - 1 - 7, -2*k = 2. Let b(z) = -3 + 3*z - 1 + 3 - 4*z. Let i(y) = g*b(y) + t(y). What is i(-1)?
0
Let g(j) be the first derivative of j**2/2 + 33. Suppose 0*q - q = 1. Let z(w) = -8*w - 1. Let n(h) = q*g(h) + z(h). What is n(-1)?
8
Let z(f) = -3*f**2 + 26*f - 7*f - 4 + 7*f**2. Let r be z(-5). Let n(u) = 3*u**3 + 2*u**2 + u + 1. Let a(k) = k. Let l(j) = -3*a(j) + n(j). What is l(r)?
4
Let m = -545 + 546. Let x(g) = -2*g + 2. What is x(m)?
0
Let n = -12 + 23. Let u(f) = 0 - n*f + 4*f - 9*f**2 - f**3 + 0 + 4. Calculate u(-8).
-4
Let n = -649 - -653. Let t(u) = u**2 - 2*u. Give t(n).
8
Let y(v) = -2*v + 4. Let n(c) = -c**3 - 7*c**2 - 7*c. Let m be n(-5). Let f be m/(-5) + -5 + 0 + -1. Give y(f).
10
Suppose 0*d = -2*d + 12. Let x(u) = -u**3 + 7*u**2 - 6*u + 8. Let b be x(d). Let t(w) = -w**3 + 8*w**2 + 8. Calculate t(b).
8
Suppose 2*g + 42 = 2*t, -3*g - 11 = -2. Suppose -4*z = -z - t. Let w(s) = -4 + 0 - z*s + 7*s + 1. Determine w(0).
-3
Let v(w) = -w**3 + 1 + 0*w**3 - 61*w**2 - 67*w**2 + 131*w**2 + w. What is v(3)?
4
Let m be 2*4/44 - (-8)/(-44). Let z be (m/(-2) + 0)/(2/2). Let p(x) = x + 7. Determine p(z).
7
Let a(b) be the third derivative of 11*b**5/60 + b**4 - b**3/2 + 22*b**2. Let d(h) = -4*h**2 - 8*h + 1. Let r(i) = -3*a(i) - 8*d(i). Give r(-7).
8
Let w(m) = 25*m**2 - 19*m**2 - 1 - 10*m + 0 - 7*m**2. What is w(-9)?
8
Suppose 0 = 4*d + 4*d + 8. Let u(p) = -p**3 - 2*p**2 - 3*p - 1. What is u(d)?
1
Let q(s) = -10*s + 4. Let r(x) = 5*x - 2. Let w(n) = 2*q(n) + 5*r(n). Let b(z) = z**2 + z - 2. Let h be b(-2). Suppose u + h*u - 3 = 0. What is w(u)?
13
Let z(n) = 3*n. Let u(v) = -v + 1. Let b(h) = 2*u(h) + z(h). Let k(l) = l - 2. Let m(d) = -b(d) + 2*k(d). Calculate m(3).
-3
Let p(y) = -y. Suppose -2 = -10*j + 48. Let k be 2/(-5) - (-47)/j. Calculate p(k).
-9
Let k = -6 - -9. Let z(b) = 0 - b**k + 2*b + 3 - 49*b**2 + 51*b**2 - 5. Give z(3).
-5
Let n(y) = y**3 - y**2 - 3*y - 2. Let p be n(3). Let r(l) be the second derivative of -l**3/6 + l**2 + l - 87. Determine r(p).
-5
Let r(n) = n**3 - 14*n**2 + n - 14. Let d be r(14). Let c be (-5)/((4 - d)/(-4)). Let y(f) = f + 8*f**2 + 2 - 4*f**2 + 3*f - f**3 - f. Give y(c).
-8
Let u be (8 + -11)/(0 - 6/(-4)). Let c(x) = x + 4*x - 4*x - 2*x. Give c(u).
2
Let b(o) = -o**3 - 6*o**2 - 6*o + 4. Let n be b(-3). Let p(q) = q**2 - q + 4. Let c(a) = a. Let k(f) = n*c(f) + p(f). Calculate k(5).
-1
Let c = -22 + 36. Let f(g) = c - 14*g + 15 - 2*g**2 + g**2 - 10. Let n be f(-15). Let s(y) = -2*y. Give s(n).
-8
Let h = -197 + 199. Let r(c) be the first derivative of 5 + h*c - 1/2*c**2. What is r(4)?
-2
Let c(f) = 15*f**3 + 20*f**2 + 12*f + 5. Let s(i) = -29*i**3 - 37*i**2 - 22*i - 9. Let h(u) = -11*c(u) - 6*s(u). Let x be ((-6)/(-3))/((-2)/(-1)). Give h(x).
10
Let k(u) = -u**3 - 5*u**2 + 3*u. Let p(t) = t**2 + 14*t + 8. Suppose 0*l + 39 = -3*l. Let x be p(l). What is k(x)?
-15
Let k = -44 - -57. Let v = 12 - k. Let j(g) = -g. Let w(s) = -s - 1. Let d(b) = -2*j(b) - w(b). Give d(v).
-2
Let u(j) be the second derivative of j**3/6 + j**2/2 - 269*j. Let a = 2 + -5. Calculate u(a).
-2
Let h(c) be the first derivative 